st the prime factors of 44672.
2, 349
What are the prime factors of 54958?
2, 27479
List the prime factors of 1390.
2, 5, 139
What are the prime factors of 1225?
5, 7
List the prime factors of 27639.
3, 37, 83
List the prime factors of 5093.
11, 463
List the prime factors of 2347.
2347
What are the prime factors of 321?
3, 107
List the prime factors of 5703.
3, 1901
What are the prime factors of 16476?
2, 3, 1373
List the prime factors of 20954.
2, 10477
List the prime factors of 20862.
2, 3, 19, 61
List the prime factors of 974.
2, 487
List the prime factors of 14915.
5, 19, 157
What are the prime factors of 234?
2, 3, 13
List the prime factors of 3175.
5, 127
What are the prime factors of 1039?
1039
List the prime factors of 421.
421
What are the prime factors of 7673?
7673
What are the prime factors of 10844?
2, 2711
List the prime factors of 3986.
2, 1993
What are the prime factors of 434?
2, 7, 31
List the prime factors of 57062.
2, 103, 277
List the prime factors of 7435.
5, 1487
List the prime factors of 1825.
5, 73
List the prime factors of 36120.
2, 3, 5, 7, 43
List the prime factors of 5767.
73, 79
What are the prime factors of 134990?
2, 5, 13499
List the prime factors of 9414.
2, 3, 523
What are the prime factors of 11753?
7, 23, 73
What are the prime factors of 4247?
31, 137
What are the prime factors of 130726?
2, 163, 401
What are the prime factors of 547?
547
List the prime factors of 90800.
2, 5, 227
What are the prime factors of 1158?
2, 3, 193
List the prime factors of 2680.
2, 5, 67
What are the prime factors of 2531?
2531
List the prime factors of 19.
19
List the prime factors of 617.
617
What are the prime factors of 14337?
3, 59
List the prime factors of 1337.
7, 191
What are the prime factors of 45747?
3, 13, 17, 23
List the prime factors of 5384.
2, 673
List the prime factors of 843.
3, 281
List the prime factors of 9463.
9463
What are the prime factors of 6298?
2, 47, 67
What are the prime factors of 38979?
3, 61, 71
What are the prime factors of 30452?
2, 23, 331
What are the prime factors of 21457?
43, 499
List the prime factors of 11964.
2, 3, 997
List the prime factors of 4819.
61, 79
List the prime factors of 25328.
2, 1583
List the prime factors of 34370.
2, 5, 7, 491
What are the prime factors of 742?
2, 7, 53
What are the prime factors of 2959?
11, 269
What are the prime factors of 26891?
26891
List the prime factors of 116922.
2, 3, 13, 1499
List the prime factors of 30648.
2, 3, 1277
List the prime factors of 22759.
11, 2069
List the prime factors of 26534.
2, 13267
List the prime factors of 1902.
2, 3, 317
List the prime factors of 8832.
2, 3, 23
List the prime factors of 184090.
2, 5, 41, 449
List the prime factors of 2.
2
List the prime factors of 98072.
2, 13, 23, 41
List the prime factors of 82544.
2, 7, 11, 67
What are the prime factors of 28339?
17, 1667
What are the prime factors of 92139?
3, 30713
What are the prime factors of 8514?
2, 3, 11, 43
What are the prime factors of 26492?
2, 37, 179
What are the prime factors of 19325?
5, 773
What are the prime factors of 3?
3
List the prime factors of 17387.
17387
What are the prime factors of 841?
29
List the prime factors of 39128.
2, 67, 73
List the prime factors of 27753.
3, 11, 29
List the prime factors of 7613.
23, 331
What are the prime factors of 27602?
2, 37, 373
List the prime factors of 1084.
2, 271
What are the prime factors of 2392?
2, 13, 23
What are the prime factors of 6049?
23, 263
What are the prime factors of 806?
2, 13, 31
What are the prime factors of 2073?
3, 691
List the prime factors of 5207.
41, 127
What are the prime factors of 46390?
2, 5, 4639
List the prime factors of 8704.
2, 17
List the prime factors of 14877.
3, 19, 29
What are the prime factors of 437?
19, 23
What are the prime factors of 51042?
2, 3, 47, 181
What are the prime factors of 250?
2, 5
What are the prime factors of 7233?
3, 2411
List the prime factors of 20220.
2, 3, 5, 337
What are the prime factors of 1928?
2, 241
List the prime factors of 31387.
31387
What are the prime factors of 3349?
17, 197
List the prime factors of 13237.
7, 31, 61
List the prime factors of 4707.
3, 523
What are the prime factors of 457?
457
List the prime factors of 1218.
2, 3, 7, 29
What are the prime factors of 26996?
2, 17, 397
What are the prime factors of 537?
3, 179
What are the prime factors of 33258?
2, 3, 23, 241
List the prime factors of 29918.
2, 7, 2137
List the prime factors of 85880.
2, 5, 19, 113
List the prime factors of 5546.
2, 47, 59
What are the prime factors of 2299?
11, 19
List the prime factors of 10210.
2, 5, 1021
List the prime factors of 19382.
2, 11, 881
What are the prime factors of 1532?
2, 383
List the prime factors of 11052.
2, 3, 307
What are the prime factors of 106792?
2, 7, 1907
List the prime factors of 2034.
2, 3, 113
List the prime factors of 6067.
6067
List the prime factors of 20876.
2, 17, 307
What are the prime factors of 15?
3, 5
What are the prime factors of 6106?
2, 43, 71
What are the prime factors of 1065?
3, 5, 71
List the prime factors of 1056.
2, 3, 11
List the prime factors of 4043.
13, 311
List the prime factors of 107289.
3, 7, 13, 131
List the prime factors of 1451.
1451
What are the prime factors of 750?
2, 3, 5
List the prime factors of 626.
2, 313
What are the prime factors of 12491?
12491
What are the prime factors of 36190?
2, 5, 7, 11, 47
What are the prime factors of 1318?
2, 659
What are the prime factors of 79?
79
List the prime factors of 5157.
3, 191
List the prime factors of 245.
5, 7
List the prime factors of 40499.
40499
List the prime factors of 7433.
7433
List the prime factors of 54173.
7, 71, 109
What are the prime factors of 122976?
2, 3, 7, 61
What are the prime factors of 8553?
3, 2851
What are the prime factors of 30809?
30809
List the prime factors of 6324.
2, 3, 17, 31
What are the prime factors of 1463?
7, 11, 19
What are the prime factors of 101304?
2, 3, 7, 67
What are the prime factors of 32094?
2, 3, 1783
List the prime factors of 206.
2, 103
What are the prime factors of 42486?
2, 3, 73, 97
What are the prime factors of 2962?
2, 1481
What are the prime factors of 1540?
2, 5, 7, 11
What are the prime factors of 5963?
67, 89
What are the prime factors of 26477?
11, 29, 83
What are the prime factors of 9112?
2, 17, 67
List the prime factors of 1349.
19, 71
List the prime factors of 44451.
3, 11, 449
What are the prime factors of 83809?
11, 19, 401
What are the prime factors of 493?
17, 29
List the prime factors of 4708.
2, 11, 107
What are the prime factors of 877?
877
What are the prime factors of 53638?
2, 13, 2063
List the prime factors of 32568.
2, 3, 23, 59
What are the prime factors of 11738?
2, 5869
List the prime factors of 270.
2, 3, 5
List the prime factors of 24048.
2, 3, 167
What are the prime factors of 135073?
293, 461
List the prime factors of 318.
2, 3, 53
List the prime factors of 4502.
2, 2251
What are the prime factors of 9626?
2, 4813
What are the prime factors of 1196?
2, 13, 23
What are the prime factors of 1654?
2, 827
What are the prime factors of 53976?
2, 3, 13, 173
What are the prime factors of 1551?
3, 11, 47
What are the prime factors of 131178?
2, 3, 21863
What are the prime factors of 13283?
37, 359
What are the prime factors of 38579?
173, 223
What are the prime factors of 3252?
2, 3, 271
List the prime factors of 802.
2, 401
What are the prime factors of 93582?
2, 3, 1733
List the prime factors of 448.
2, 7
List the prime factors of 4617.
3, 19
What are the prime factors of 1187?
1187
What are the prime factors of 38?
2, 19
List the prime factors of 2378.
2, 29, 41
What are the prime factors of 23406?
2, 3, 47, 83
List the prime factors of 3610.
2, 5, 19
List the prime factors of 1095.
3, 5, 73
What are the prime factors of 959?
7, 137
What are the prime factors of 6439?
47, 137
What are the prime factors of 906?
2, 3, 151
What are the prime factors of 2997?
3, 37
List the prime factors of 1112.
2, 139
List the prime factors of 1093.
1093
What are the prime factors of 1646?
2, 823
List the prime factors of 9693.
3, 359
What are the prime factors of 980?
2, 5, 7
What are the prime factors of 4644?
2, 3, 43
What are the prime factors of 2548?
2, 7, 13
What are the prime